2, 151, 1499
List the prime factors of 975732.
2, 3, 17, 4783
What are the prime factors of 446042?
2, 83, 2687
List the prime factors of 864537.
3, 288179
List the prime factors of 141046.
2, 109, 647
What are the prime factors of 4284994?
2, 7, 19, 89, 181
What are the prime factors of 7673584?
2, 479599
What are the prime factors of 134785?
5, 7, 3851
List the prime factors of 1525735.
5, 305147
List the prime factors of 26377070.
2, 5, 2637707
List the prime factors of 11028276.
2, 3, 7, 107, 409
What are the prime factors of 708026?
2, 11, 32183
List the prime factors of 3088527.
3, 13, 79193
What are the prime factors of 3144504?
2, 3, 11, 43, 277
List the prime factors of 710201.
19, 37379
What are the prime factors of 1454346?
2, 3, 43, 1879
List the prime factors of 1668471.
3, 7, 79451
List the prime factors of 4009.
19, 211
What are the prime factors of 2098721?
19, 110459
What are the prime factors of 25105457?
13, 149, 997
List the prime factors of 1007935.
5, 199, 1013
What are the prime factors of 5818336?
2, 173, 1051
What are the prime factors of 2356706?
2, 11, 107123
List the prime factors of 89316.
2, 3, 827
What are the prime factors of 1631030?
2, 5, 211, 773
List the prime factors of 6422635.
5, 23, 55849
What are the prime factors of 283843?
7, 23, 41, 43
What are the prime factors of 34757?
34757
List the prime factors of 77511.
3, 7, 3691
List the prime factors of 188406.
2, 3, 1163
List the prime factors of 4096922.
2, 653, 3137
List the prime factors of 608235.
3, 5, 23, 41, 43
List the prime factors of 1162886.
2, 581443
What are the prime factors of 5840739?
3, 648971
List the prime factors of 2772805.
5, 7, 227, 349
What are the prime factors of 2141749?
2141749
What are the prime factors of 4901871?
3, 13, 37, 43, 79
List the prime factors of 140809.
19, 7411
List the prime factors of 638014.
2, 13, 53, 463
What are the prime factors of 668467?
401, 1667
List the prime factors of 172246.
2, 71, 1213
What are the prime factors of 743061?
3, 11, 23, 89
List the prime factors of 4499607.
3, 7, 37, 5791
List the prime factors of 10063143.
3, 372709
List the prime factors of 38756.
2, 9689
List the prime factors of 3175950.
2, 3, 5, 31, 683
What are the prime factors of 13241923?
193, 68611
What are the prime factors of 14351033?
1229, 11677
What are the prime factors of 851306?
2, 425653
List the prime factors of 105813.
3, 3919
List the prime factors of 184222.
2, 92111
List the prime factors of 25250646.
2, 3, 4208441
What are the prime factors of 3437981?
89, 38629
List the prime factors of 9166999.
443, 20693
List the prime factors of 260919.
3, 53, 547
List the prime factors of 245585.
5, 49117
List the prime factors of 5793683.
7, 31, 26699
What are the prime factors of 1805487?
3, 103, 5843
What are the prime factors of 8232799?
829, 9931
What are the prime factors of 919578?
2, 3, 11, 13933
List the prime factors of 32189440.
2, 5, 6287
What are the prime factors of 713114?
2, 149, 2393
What are the prime factors of 8990259?
3, 379, 7907
What are the prime factors of 28084158?
2, 3, 173359
What are the prime factors of 200587?
200587
What are the prime factors of 153461?
7, 11, 1993
List the prime factors of 467014.
2, 37, 6311
What are the prime factors of 1321351?
1321351
List the prime factors of 1143566.
2, 571783
List the prime factors of 895367.
11, 23, 3539
List the prime factors of 5313573.
3, 196799
What are the prime factors of 1384647?
3, 11, 41959
List the prime factors of 160116.
2, 3, 11, 1213
List the prime factors of 6058.
2, 13, 233
List the prime factors of 1240087.
1240087
What are the prime factors of 39309704?
2, 7, 67, 10477
List the prime factors of 10912075.
5, 436483
What are the prime factors of 31159984?
2, 1947499
What are the prime factors of 337766?
2, 11, 13, 1181
What are the prime factors of 8385089?
29, 289141
What are the prime factors of 1213717?
61, 101, 197
List the prime factors of 372318.
2, 3, 62053
List the prime factors of 677628.
2, 3, 7, 2689
List the prime factors of 2014680.
2, 3, 5, 103, 163
List the prime factors of 3089318.
2, 1544659
What are the prime factors of 168595?
5, 7, 4817
What are the prime factors of 1401719?
11, 61, 2089
List the prime factors of 26825.
5, 29, 37
What are the prime factors of 110064?
2, 3, 2293
What are the prime factors of 133681?
37, 3613
List the prime factors of 137784.
2, 3, 5741
List the prime factors of 4384145.
5, 23, 67, 569
What are the prime factors of 13323?
3, 4441
List the prime factors of 412197.
3, 137399
List the prime factors of 304237.
307, 991
List the prime factors of 6273945.
3, 5, 107, 1303
List the prime factors of 1757872.
2, 181, 607
What are the prime factors of 11729797?
11729797
What are the prime factors of 1037871?
3, 115319
What are the prime factors of 2035068?
2, 3, 7, 3461
List the prime factors of 23080286.
2, 11540143
What are the prime factors of 5824302?
2, 3, 11, 17, 29, 179
What are the prime factors of 2852230?
2, 5, 23, 12401
What are the prime factors of 6389731?
6389731
List the prime factors of 20376043.
101, 201743
What are the prime factors of 219162?
2, 3, 36527
List the prime factors of 3358676.
2, 839669
What are the prime factors of 687850?
2, 5, 13757
What are the prime factors of 272266?
2, 136133
List the prime factors of 3162440.
2, 5, 173, 457
What are the prime factors of 14165994?
2, 3, 2360999
List the prime factors of 2857729.
7, 58321
What are the prime factors of 1611665?
5, 11, 29303
What are the prime factors of 3706813?
11, 336983
List the prime factors of 236681.
236681
List the prime factors of 43892.
2, 10973
List the prime factors of 63220.
2, 5, 29, 109
What are the prime factors of 226762?
2, 113381
List the prime factors of 1036671.
3, 31, 71, 157
What are the prime factors of 181673?
139, 1307
List the prime factors of 4661766.
2, 3, 131, 659
List the prime factors of 3314884.
2, 828721
What are the prime factors of 783448?
2, 97931
List the prime factors of 36461.
19, 101
List the prime factors of 609191.
11, 55381
What are the prime factors of 8081679?
3, 2693893
What are the prime factors of 6296081?
11, 103, 5557
What are the prime factors of 1165580?
2, 5, 13, 4483
List the prime factors of 3593703.
3, 1197901
List the prime factors of 772935.
3, 5, 227
What are the prime factors of 117085?
5, 23417
What are the prime factors of 1452634?
2, 23, 1373
List the prime factors of 6360324.
2, 3, 530027
What are the prime factors of 8256472?
2, 7, 61, 2417
What are the prime factors of 1453830?
2, 3, 5, 7, 23, 43
List the prime factors of 1439801.
11, 19, 83
List the prime factors of 257237.
61, 4217
What are the prime factors of 962804?
2, 240701
List the prime factors of 1280593.
17, 75329
What are the prime factors of 328072?
2, 23, 1783
List the prime factors of 166119.
3, 55373
What are the prime factors of 3089467?
61, 50647
What are the prime factors of 15900793?
15900793
List the prime factors of 1155673.
619, 1867
List the prime factors of 12352603.
19, 41, 101, 157
What are the prime factors of 1216657?
13, 31, 3019
What are the prime factors of 6178774?
2, 7, 109, 4049
What are the prime factors of 2171917?
11, 47, 4201
List the prime factors of 514414.
2, 31, 8297
List the prime factors of 2042222.
2, 7, 13, 229
What are the prime factors of 42055?
5, 13, 647
List the prime factors of 339692.
2, 163, 521
List the prime factors of 63025.
5, 2521
What are the prime factors of 3928699?
23, 170813
List the prime factors of 668637.
3, 74293
List the prime factors of 117378.
2, 3, 6521
List the prime factors of 572162.
2, 523, 547
List the prime factors of 19887.
3, 7, 947
What are the prime factors of 4071398?
2, 17, 119747
What are the prime factors of 254704?
2, 15919
What are the prime factors of 274225?
5, 7, 1567
What are the prime factors of 994895?
5, 11, 18089
List the prime factors of 1377989.
67, 131, 157
What are the prime factors of 94450?
2, 5, 1889
List the prime factors of 3874228.
2, 968557
What are the prime factors of 3662507?
257, 14251
What are the prime factors of 1683089?
1683089
What are the prime factors of 1215079?
1215079
List the prime factors of 199384.
2, 24923
List the prime factors of 16896421.
23, 734627
List the pr